-2596 + -8?
-2604
In base 9, what is 4 - -18?
23
In base 9, what is -2 + 286?
284
In base 8, what is 224 - 4?
220
In base 14, what is -4d + -3?
-52
In base 7, what is 2 - -2142?
2144
In base 13, what is 21 - 520?
-4cc
In base 6, what is -4252 + 1?
-4251
In base 13, what is -18 - 3?
-1b
In base 4, what is 122 - 1200?
-1012
In base 11, what is 1070 - 1?
106a
In base 4, what is 1 + 1002?
1003
In base 10, what is 2 - 1404?
-1402
In base 14, what is 6 + 953?
959
In base 2, what is -10001001 - -100000?
-1101001
In base 4, what is 11012 + -21?
10331
In base 16, what is -73 + -2?
-75
In base 9, what is -4 - 465?
-470
In base 9, what is -8 + -20?
-28
In base 11, what is -1762 + 4?
-1759
In base 8, what is -4 - -1424?
1420
In base 6, what is -524 - 2?
-530
In base 9, what is 7053 - 2?
7051
In base 5, what is 21 - 341?
-320
In base 12, what is -a - 5?
-13
In base 4, what is -2130 + -223?
-3013
In base 9, what is -351 + 28?
-322
In base 14, what is -b + -1b?
-28
In base 7, what is -151 - 135?
-316
In base 5, what is -1 + 1342?
1341
In base 11, what is -18 + -4?
-21
In base 11, what is -300 + 3?
-2a8
In base 10, what is -3 - 51?
-54
In base 8, what is -1664 + 5?
-1657
In base 10, what is 13 - -7?
20
In base 12, what is 6 - -a?
14
In base 12, what is -997 - 0?
-997
In base 11, what is -6 + 25?
1a
In base 6, what is 3 + -1432?
-1425
In base 6, what is 1 - 11143?
-11142
In base 16, what is 8 + -326?
-31e
In base 7, what is -6512 + 0?
-6512
In base 6, what is -13 - 41?
-54
In base 7, what is 31612 + 5?
31620
In base 6, what is -5 - 345?
-354
In base 13, what is 447 + 4?
44b
In base 16, what is 2070 - -4?
2074
In base 15, what is -19 + -2?
-1b
In base 16, what is 2 - a?
-8
In base 13, what is 13 + 0?
13
In base 9, what is 3 + 340?
343
In base 14, what is -41 - 1?
-42
In base 10, what is 23 - -30?
53
In base 6, what is -2014 - -5?
-2005
In base 15, what is 710d - -1?
710e
In base 8, what is -164 + 2?
-162
In base 9, what is 1326 + 4?
1331
In base 13, what is -95 + 4?
-91
In base 16, what is 1e3 + 1?
1e4
In base 16, what is -5 - f1?
-f6
In base 9, what is 4 - 80?
-75
In base 11, what is 17 + 6?
22
In base 5, what is 34 - 2?
32
In base 3, what is -210212 - 110?
-211022
In base 8, what is -14 - 17?
-33
In base 6, what is -5 + -5025?
-5034
In base 13, what is -2 + -4b?
-50
In base 4, what is -31 + 10?
-21
In base 7, what is 5 - 130?
-122
In base 4, what is 3300 - 3?
3231
In base 3, what is -121 - 11?
-202
In base 8, what is -777 + -5?
-1004
In base 3, what is 1212 - 1000?
212
In base 6, what is -31 + 142?
111
In base 16, what is -3 - -5f2?
5ef
In base 9, what is 0 + 315?
315
In base 3, what is -11 - -120020?
120002
In base 5, what is 244 - 211?
33
In base 11, what is -4 - 303?
-307
In base 13, what is 0 + 7c?
7c
In base 4, what is -311121 - 11?
-311132
In base 6, what is 21031 - 4?
21023
In base 15, what is -23 + -19?
-3c
In base 11, what is 19 + -49?
-30
In base 13, what is -1 - 6?
-7
In base 5, what is -1102 - -23?
-1024
In base 9, what is 10612 - 4?
10607
In base 15, what is 1c - -4c?
69
In base 15, what is -3 + 1bd?
1ba
In base 12, what is 29 + 1?
2a
In base 2, what is 10111101 + -100010?
10011011
In base 10, what is 514 + -4?
510
In base 2, what is -11011001 + 1010110?
-10000011
In base 14, what is 1 - -62?
63
In base 15, what is -a + 1c?
12
In base 12, what is 25 - bb?
-96
In base 3, what is -20120221 + 1?
-20120220
In base 9, what is -1 - 2704?
-2705
In base 6, what is 14 - 11?
3
In base 13, what is -6a4 + -13?
-6b7
In base 11, what is -267 + 30?
-237
In base 7, what is -6036 - -2?
-6034
In base 7, what is -36 + -13?
-52
In base 5, what is -4 + -2042?
-2101
In base 10, what is -5 - -145?
140
In base 12, what is 5 + 894?
899
In base 9, what is 183 - -12?
205
In base 8, what is -5 - -1256?
1251
In base 14, what is -b6 - 1d?
-d5
In base 10, what is -459 - -20?
-439
In base 13, what is 1 + 5?
6
In base 5, what is 12221 + 1?
12222
In base 9, what is -35 + -1?
-36
In base 12, what is -7 - -a?
3
In base 10, what is 125 - -3?
128
In base 8, what is -2605 + -3?
-2610
In base 11, what is -16 + 3?
-13
In base 8, what is -33 + -3?
-36
In base 4, what is -2323 - -10?
-2313
In base 10, what is 7 + 50?
57
In base 7, what is -4 + -12562?
-12566
In base 8, what is 5 - -64?
71
In base 4, what is -1202 + 220?
-322
In base 6, what is 2 - -305?
311
In base 11, what is -5 + 3368?
3363
In base 5, what is 2 - 4233?
-4231
In base 16, what is 23 - -f?
32
In base 5, what is -1131 + 3?
-1123
In base 13, what is 1 - -156?
157
In base 16, what is 2 + -d6?
-d4
In base 6, what is 1 - -21210?
21211
In base 15, what is -4 - -e?
a
In base 4, what is 3 - 13333?
-13330
In base 16, what is 65 - 10a?
-a5
In base 7, what is 2 + -114?
-112
In base 8, what is 5 - 67?
-62
In base 15, what is 1 + 40?
41
In base 14, what is 5 + -4d9?
-4d4
In base 11, what is -15 - -28?
13
In base 10, what is 41 + -54?
-13
In base 9, what is 5 - -264?
270
In base 13, what is 218 - 4?
214
In base 8, what is -4 + -2002?
-2006
In base 6, what is 1522 + 31?
1553
In base 5, what is 10 + -314?
-304
In base 11, what is 382 + 2?
384
In base 15, what is 3384 + -2?
3382
In base 9, what is 5 - -687?
703
In base 7, what is 45 + -5?
40
In base 9, what is -3 + 333?
330
In base 11, what is 4 + -137?
-133
In base 2, what is -11 + -10001?
-10100
In base 7, what is -351 + 5?
-343
In base 14, what is -15 + -1?
-16
In base 13, what is 0 - -215?
215
In base 11, what is -12a - 3?
-132
In base 5, what is 1101 - -1?
1102
In base 4, what is -11 + 11231?
11220
In base 4, what is -11 + 1222?
1211
In base 10, what is 358 - -53?
411
In base 8, what is -1 - -407?
406
In base 11, what is 4 - 489?
-485
In base 2, what is -101 - 1001010011010?
-1001010011111
In base 9, what is 2 - 7645?
-7643
In base 12, what is -1 - -567?
566
In base 3, what is -122 + 112?
-10
In base 12, what is 16a7 - 0?
16a7
In base 11, what is 34 - 0?
34
In base 5, what is -2 + 1013?
1011
In base 12, what is -200 - -2?
-1ba
In base 8, what is 37 + 274?
333
In base 4, what is 1 - 23?
-22
In base 12, what is 4 - -1034?
1038
In base 4, what is -2222 + 2?
-2220
In base 2, what is -1000111 + 110?
-1000001
In base 7, what is -633 - 34?
-1000
In base 13, what is 7 + 273?
27a
In base 13, what is 9 + 329?
335
In base 13, what is a - -88?
95
In base 4, what is -11 + -12012?
-12023
In base 8, what is 1507 + -4?
1503
In base 6, what is 2 + 555?
1001
In base 15, what is -8365 - -3?
-8362
In base 3, what is 1 + -122212?
-122211
In base 6, what is 14543 + 5?
14552
In base 12, what is -196 - 26?
-200
In base 14, what is -19 - 2a?
-45
In base 15, what is 1 + -c?
-b
In base 16, what is -1b0 + -2?
-1b2
In base 8, what is 2 + 10?
12
In base 5, what is -4 - -4420?
4411
In base 14, what is 1b + 27?
44
In base 13, what is 6c + -b?
61
In base 2, what is -10 - 100101?
-100111
In base 8, what is 3 + -115?
-112
In base 5, what is -2 - 1021?
-1023
In base 11, what is 154 + 4?
158
In base 16, what is 1 - 3a9?
-3a8
In base 14, what is 5 - -10?
15
In base 9, what is -322 - -44?
-267
In base 13, what is 11c - 5?
117
In base 12, what is 2 - 25?
-23
In base 13, what is -63 - 0?
-63
In base 3, what is 1200 + 21?
1221
In base 12, what is 0 + -139?
-139
In base 12, what is 263b + 1?
2640
In base 10, what is -1132 + -4?
-1136
In base 2, what is -1011000111 + -101?
-1011001100
In base 2, what is -1 + 10001100?
10001011
In base 13, what is -24 - -3?
-21
In base 11, what is 6 - -7?
12
In base 3, what is -1 + 20211?
20210
In base 11, what is 1 - -28?
29
In base 10, what is -1 + -71?
-72
In base 12, what is 3 + 96?
99
In base 8, what is -2442 - -4?
-2436
In base 12, what is 4 - 9?
-5
In base 9, what is -173 + -2?
-175
In base 3, what is 122 - -222021?
222220
In base 10, what is 13 - 52?
-39
In base 11, what is 4a - -3?
52
In base 6, what is -3 + 533?
530
In base 16, what is 3a5 - -3?
3a8
In base 11, what is -1 + -2?
-3
In base 7, what is -53 - 312?
-365
In base 4, what is -21002 + 1?
-21001
In base 8, what is 0 - -63?
63
In base 4, what is -11 + 12331?
12320
In base 11, what is -5 - -11a?
115
In base 2, what is 101000101 + 101?
101001010
In base 15, what is 5a + -2?
58
In base 6, what is 11152 + -2?
11150
In base 16, what is 5d - -a?
67
In base 12, what is 5 - 25?
-20
In base 5, what is 2 + 313?
320
In base 12, what is